t is the units digit of g?
7
Suppose 0 = -0*b + 2*b + 36. Let j = 19 + b. What is the units digit of j?
1
What is the tens digit of 1/(-1) + 4 + 33?
3
Suppose 2*f = -2*f. Let t = 5 + f. What is the units digit of t?
5
Let f be (-114)/(-27) - 2/9. Suppose -4*p + 19 + 5 = 0. Suppose p = -u + f*u. What is the units digit of u?
2
Suppose 2*l = 4*k + 6*l - 36, 2*l = 3*k - 17. What is the units digit of k?
7
Suppose -76 = -3*z + 3*p + 65, -5*z + 2*p = -250. Suppose 4*c - 3*d - z = -d, -26 = -2*c - d. What is the tens digit of c?
1
Suppose 5*d = 4*u + 31, 2*d - 5*u = -0*u + 26. Let v(g) = -g**d - 5*g**3 - g**2 - g**2 - 2*g - 1. What is the units digit of v(-1)?
5
Let q be 38/(-14) + 8/(-28). Let a be q/((-3)/5) - 2. What is the units digit of -4*(33/(-6) + a)?
0
Suppose 2*p - 19 - 28 = -z, -z - 3*p = -42. What is the units digit of z?
7
What is the tens digit of 4/(-3)*525/20*-6?
1
Let t = 15 - 9. Suppose -t*j = -j - 20. Suppose -j*w + 2*b + 3 = -3*w, -2*b - 30 = -4*w. What is the units digit of w?
9
Let v(i) = -3*i + 35. What is the units digit of v(-17)?
6
Let q = -7 + 1. Let z = -3 - q. Suppose -5*i = -z*i - 10. What is the units digit of i?
5
Let o(n) be the first derivative of -n**2/2 + 1. Suppose -6*y - 22 = -3*y - 4*c, -3*c = -5*y - 22. What is the units digit of o(y)?
2
Let v(c) = -4*c - 6. What is the units digit of v(-3)?
6
Suppose 0 = 4*c - 5 - 7. Suppose -c*r - 30 - 3 = 0. Let q = -2 - r. What is the units digit of q?
9
What is the units digit of (-72)/(-21) + -4 + 914/7?
0
Let z = 48 - -69. What is the hundreds digit of z?
1
Let j(o) = 6*o**2. Let q be j(-1). Let h be (6/(-4))/(q/(-8)). Suppose 5*x - 4*n = 40, -x - h*n - 40 = -6*x. What is the units digit of x?
8
What is the units digit of 315 + 6*2*2/12?
7
Let y be 1/(-6) - 26/(-12). Suppose y*k + 8 = 46. What is the units digit of k?
9
Let w(g) be the third derivative of g**4/24 - 2*g**3/3 + g**2. Let v = 2 + 6. What is the units digit of w(v)?
4
Suppose -250 = -2*o + 4*z, z + 129 = -4*o + 5*o. Suppose 3*j - 76 = 2*l, -3*j + o = 2*j + 3*l. What is the units digit of j?
6
Let v = -61 - -105. What is the tens digit of v?
4
Suppose -3*l + 4*l = -2. Let m be (l/3)/((-2)/3). What is the units digit of (-3 + 2)/(m + -2)?
1
Suppose y + 10 = -3*p, 2*y + 5*p + 18 - 3 = 0. What is the units digit of y?
5
Let v = -23 + 28. Suppose -5*s - 4*u = -202, v*s + 2*u = 6*u + 218. What is the units digit of s?
2
Suppose 0 = 2*v + 6 - 18. Suppose -q = -6*q + 15. Let n = q + v. What is the units digit of n?
9
Let k be (-1)/2 + 30/4. Suppose 0 = 2*p - 21 - k. What is the units digit of p?
4
Let b = -3 - 9. What is the units digit of (-1)/(6/15)*b?
0
Let h(i) = i**3 + 5*i**2 - 7*i - 6. Let a be h(-6). What is the tens digit of -1 + a - (5 + -19)?
1
Let a = 4 + -1. Suppose 4*u = 9 + a. Let b = 1 + u. What is the units digit of b?
4
Suppose g + 3 = 0, 3*m - 5*g - 30 = -0*m. Suppose 4*x - 3*x = m*s - 30, 2*s - 2*x = 4. Let j(c) = c + 2. What is the units digit of j(s)?
9
What is the tens digit of (-6123)/(-143) + (-2)/(-11)?
4
Suppose 3*q + 2*q + 25 = -5*b, 2*b = q - 1. Let v(t) = t**2 - t - 1. Let c be v(b). Suppose -c*p = -17 + 2. What is the units digit of p?
3
Let o(y) = y**3 - 2*y - 3. Let g be o(-2). Let b = g - -14. Suppose -t - 1 = -b. What is the units digit of t?
6
Let u = -1 + 4. Suppose 0 = 5*b - l + 22, u*l - 5 + 39 = -5*b. Let d(y) = 2*y**2 + 7*y. What is the units digit of d(b)?
5
Let n(r) = r**2 + 6*r + 6. Let w be n(-4). Let a be (-122)/(-4) - (-1)/w. What is the units digit of a/9*(-12)/(-10)?
4
Let q(x) = 3*x**2 - 6*x - 3. What is the tens digit of q(5)?
4
Let i(y) = 72*y**2. Let c be i(1). Let g = 44 - c. Let p = 40 + g. What is the tens digit of p?
1
Let j(u) be the first derivative of 14*u**3/3 - u**2/2 + 1. What is the units digit of j(-1)?
5
Let o(i) = 2*i**2 + 4*i - 8. What is the tens digit of o(-6)?
4
Suppose 5*q + 25 = 0, 5*j + q = 3*j + 181. What is the tens digit of j?
9
Suppose 3*q = 28 - 19. Suppose 0 = 5*u - 7 - 8. Suppose -4*c + 23 = u*n, 2*c + q*n = -2*n + 1. What is the units digit of c?
8
Let b = 3 - 4. Let o be -1 - (b - (4 + -2)). Suppose -o*j = -3*n + 17, 6 + 0 = 3*j. What is the units digit of n?
7
What is the tens digit of (2/(-3))/(10/(-1650))?
1
Let n = 270 - 159. What is the units digit of n?
1
What is the units digit of (-1 + 4)*(-11)/(-3)?
1
Suppose 15 = -4*l + 5*l. What is the units digit of (-5)/(l/(-9)) + -2?
1
Let z(l) = -l**3 + 8*l**2 + l + 7. Let x be z(8). Let p = x - 6. Suppose -4*n + i = -20, n - 1 + p = -3*i. What is the units digit of n?
4
Suppose -2*v + 3 = 1. Suppose u - 4 = -v. What is the units digit of u?
3
Let z(a) = -7*a - 1. Let h = -8 - -6. What is the tens digit of z(h)?
1
Suppose -a + 2*a - 4 = 0. Suppose b + 68 = 3*l, 0 = a*l + l - 4*b - 118. What is the tens digit of l?
2
Suppose -4*u = 5*w - 453, 7*u = 3*w + 6*u - 265. What is the tens digit of w?
8
Suppose -1 = 2*i + 5. What is the units digit of (-5)/i*(1 - -2)?
5
Suppose -3 = 3*c - 0*c. Suppose w + 2*w = 6. Let y = c + w. What is the units digit of y?
1
Suppose 5*g - 5 = -15. What is the tens digit of (-6*12 + g)/(-2)?
3
Suppose 3*z = 3, -3*w + 2*z = -7*w + 14. Suppose -7 + w = -o + 4*m, 16 = 4*o + m. What is the units digit of o?
4
Suppose 5*n - 2*n - 102 = 0. Suppose -3*g + 23 = -3*l + 77, 0 = -3*l - 2*g + n. Suppose -6 = -4*m + l. What is the units digit of m?
5
Let s = -60 - -104. What is the tens digit of s?
4
Let q(g) = 3*g**2 - 3*g + 1. Suppose 3*n - 4*v - 25 = 0, -4*v - 3 = 4*n + 1. What is the units digit of q(n)?
9
Let b(w) = -3*w + 0*w**3 + w**3 - 3*w**2 + w**3 - 3. What is the tens digit of b(3)?
1
Let w = -36 + 53. Let q = 12 + -20. Let v = w + q. What is the units digit of v?
9
Let b(j) = -7*j - j**2 - 2 - 1 + 1. What is the units digit of b(-5)?
8
Let a(b) = 5*b**3 - 6*b**3 + 0*b**3 + 1. Suppose 5*m - 3*d = 9, -2*d = m + 2 + 4. What is the units digit of a(m)?
1
Let c(o) = o**2 - o - 8. Let k be c(8). Suppose -t - 3*t - k = 0. What is the units digit of ((-4)/(-6))/((-4)/t)?
2
Suppose h + 12 = -2*h. What is the units digit of (-8)/(-10)*(-170)/h?
4
Let u = 22 + -36. Let n = u + 35. What is the tens digit of n?
2
Let k = -22 + 62. What is the units digit of k?
0
Let c = 1 - 4. Let v = 3 - c. What is the units digit of v?
6
Let x(a) = -6*a - 1. Let d be x(-4). Suppose -u + 4*t - 7 = -t, -5*u = 4*t - d. Suppose u*j = -2*j + 20. What is the units digit of j?
4
Let d be 11 + 2*2/(-4). Suppose 2*i = -5*v - 3*i - d, 4*v + 2*i + 4 = 0. Suppose -3*o + 0*o + 12 = v. What is the units digit of o?
4
Suppose 4*m - 24 = -2*c, 8 = -m + 2*c + c. Suppose 4*b = z + 73, b - 10 = -z + m*z. What is the units digit of b?
9
Suppose 9 + 3 = 2*i. Let j(x) = 2*x. What is the tens digit of j(i)?
1
Let z(x) = x + 0 - x**3 - 6*x**2 - 2 + 4. Let d be z(-6). What is the units digit of 1/d + (-17)/(-4)?
4
Let g be 1/3*(1 - -5). Let y(k) = 0*k**2 - 3*k**2 + k + k**2 + g*k**3. What is the units digit of y(1)?
1
Let l(w) = -4*w**2 - 3*w - 9. Let p be l(-5). Let a = p - -144. What is the units digit of a?
0
Let l be (-6)/27 + (-4)/(-18). Suppose -5*k = -5*r - 4 - 51, -5*k - 2*r + 27 = l. What is the units digit of k?
7
Let g(s) be the first derivative of -s + 4*s**4 + 2 + 1 - 2*s**4. What is the units digit of g(1)?
7
Let v(p) = 4*p**2 + 2*p + 1. Suppose 3*d = 3*c - 3, d = 3*c - 0*d - 7. Let k be c*(0 + 1/(-3)). What is the units digit of v(k)?
3
Let k = 164 - 114. What is the tens digit of k?
5
Let y(n) be the first derivative of 7*n**3/3 + 6*n**2 + 7*n + 1. Let w(f) = -8*f**2 - 13*f - 8. Let q(p) = 6*w(p) + 7*y(p). What is the units digit of q(-7)?
8
Let d(o) = 16*o**2. Suppose 0*t + 3*s - 6 = -3*t, -t - 2 = 3*s. Suppose -u + t = -2*x - 3*x, 2*x + 2*u = -4. What is the tens digit of d(x)?
1
Suppose -5*t = -3*g - 3*t + 775, -767 = -3*g + 4*t. What is the hundreds digit of g?
2
Suppose 4*h + 9 + 19 = 0. Let k = 12 + h. What is the units digit of k?
5
Let a(s) = s**3 - s**2 + 10*s - 2. What is the tens digit of a(4)?
8
Let m(p) = -p**3 - 7*p**2 - 7*p - 4. Let r be m(-7). Suppose 0 = 5*w - 0*w - r. Suppose 5*n - w = 2*n. What is the units digit of n?
3
Let h = -42 + 61. What is the units digit of h?
9
Let f be 1*-2*(2 - 8). Suppose 3*i - f = i. What is the units digit of i?
6
Let k(n) = -n**3 + 6*n**2 - n 